
{"id":498,"date":"2021-01-03T18:04:53","date_gmt":"2021-01-03T17:04:53","guid":{"rendered":"https:\/\/neu.bibbs.at\/?page_id=498"},"modified":"2021-04-23T11:55:35","modified_gmt":"2021-04-23T09:55:35","slug":"planung","status":"publish","type":"page","link":"https:\/\/www.bibbs.at\/?page_id=498","title":{"rendered":"Planung"},"content":{"rendered":"\t\t<div data-elementor-type=\"wp-page\" data-elementor-id=\"498\" class=\"elementor elementor-498\" data-elementor-post-type=\"page\">\n\t\t\t\t\t\t<section class=\"elementor-section elementor-top-section elementor-element elementor-element-e0583c5 elementor-section-boxed elementor-section-height-default elementor-section-height-default\" data-id=\"e0583c5\" data-element_type=\"section\">\n\t\t\t\t\t\t<div class=\"elementor-container elementor-column-gap-default\">\n\t\t\t\t\t<div class=\"elementor-column elementor-col-100 elementor-top-column elementor-element elementor-element-a10592b\" data-id=\"a10592b\" data-element_type=\"column\">\n\t\t\t<div class=\"elementor-widget-wrap elementor-element-populated\">\n\t\t\t\t\t\t<div class=\"elementor-element elementor-element-1a263cb elementor-widget elementor-widget-spacer\" data-id=\"1a263cb\" data-element_type=\"widget\" data-widget_type=\"spacer.default\">\n\t\t\t\t<div class=\"elementor-widget-container\">\n\t\t\t\t\t\t\t<div class=\"elementor-spacer\">\n\t\t\t<div class=\"elementor-spacer-inner\"><\/div>\n\t\t<\/div>\n\t\t\t\t\t\t<\/div>\n\t\t\t\t<\/div>\n\t\t\t\t\t<\/div>\n\t\t<\/div>\n\t\t\t\t\t<\/div>\n\t\t<\/section>\n\t\t\t\t<section class=\"elementor-section elementor-top-section elementor-element elementor-element-21cec33 elementor-section-boxed elementor-section-height-default elementor-section-height-default\" data-id=\"21cec33\" data-element_type=\"section\">\n\t\t\t\t\t\t<div class=\"elementor-container elementor-column-gap-default\">\n\t\t\t\t\t<div class=\"elementor-column elementor-col-100 elementor-top-column elementor-element elementor-element-ee18e7a\" data-id=\"ee18e7a\" data-element_type=\"column\">\n\t\t\t<div class=\"elementor-widget-wrap elementor-element-populated\">\n\t\t\t\t\t\t<div class=\"elementor-element elementor-element-80605ad elementor-widget elementor-widget-heading\" data-id=\"80605ad\" data-element_type=\"widget\" data-widget_type=\"heading.default\">\n\t\t\t\t<div class=\"elementor-widget-container\">\n\t\t\t\t\t<h2 class=\"elementor-heading-title elementor-size-default\">Planung und Gestaltung von Schulbibliotheken<\/h2>\t\t\t\t<\/div>\n\t\t\t\t<\/div>\n\t\t\t\t\t<\/div>\n\t\t<\/div>\n\t\t\t\t\t<\/div>\n\t\t<\/section>\n\t\t\t\t<section class=\"elementor-section elementor-top-section elementor-element elementor-element-7f87f96 elementor-section-boxed elementor-section-height-default elementor-section-height-default\" data-id=\"7f87f96\" data-element_type=\"section\">\n\t\t\t\t\t\t<div class=\"elementor-container elementor-column-gap-default\">\n\t\t\t\t\t<div class=\"elementor-column elementor-col-100 elementor-top-column elementor-element elementor-element-9658900\" data-id=\"9658900\" data-element_type=\"column\">\n\t\t\t<div class=\"elementor-widget-wrap elementor-element-populated\">\n\t\t\t\t\t\t<div class=\"elementor-element elementor-element-eb1133f elementor-widget elementor-widget-spacer\" data-id=\"eb1133f\" data-element_type=\"widget\" data-widget_type=\"spacer.default\">\n\t\t\t\t<div class=\"elementor-widget-container\">\n\t\t\t\t\t\t\t<div class=\"elementor-spacer\">\n\t\t\t<div class=\"elementor-spacer-inner\"><\/div>\n\t\t<\/div>\n\t\t\t\t\t\t<\/div>\n\t\t\t\t<\/div>\n\t\t\t\t\t<\/div>\n\t\t<\/div>\n\t\t\t\t\t<\/div>\n\t\t<\/section>\n\t\t\t\t<section class=\"elementor-section elementor-top-section elementor-element elementor-element-dfd1e56 elementor-section-boxed elementor-section-height-default elementor-section-height-default\" data-id=\"dfd1e56\" data-element_type=\"section\">\n\t\t\t\t\t\t<div class=\"elementor-container elementor-column-gap-default\">\n\t\t\t\t\t<div class=\"elementor-column elementor-col-66 elementor-top-column elementor-element elementor-element-7c6b0a9\" data-id=\"7c6b0a9\" data-element_type=\"column\">\n\t\t\t<div class=\"elementor-widget-wrap elementor-element-populated\">\n\t\t\t\t\t\t<div class=\"elementor-element elementor-element-960aee6 elementor-widget elementor-widget-text-editor\" data-id=\"960aee6\" data-element_type=\"widget\" data-widget_type=\"text-editor.default\">\n\t\t\t\t<div class=\"elementor-widget-container\">\n\t\t\t\t\t\t\t\t\t<p>Wie geht man an die Planung einer Schulb\u00fccherei heran? Welche Aspekte sind zu ber\u00fccksichtigen, bevor man \u00fcber die konkrete M\u00f6blierung nachdenkt?<br \/>Im Folgenden finden Sie einige Anregungen, die als Hilfestellung f\u00fcr den Bibliotheksaufbau gedacht sind.<\/p><p>Grunds\u00e4tzlich sollte sich eine Schulbibliothek in\u00a0<i>zentraler Lage<\/i>\u00a0des Schulgeb\u00e4udes befinden und einen\u00a0<i>einladenden<\/i>\u00a0Eindruck machen. Frischluft, Tageslicht und Beschattung sowie ad\u00e4quate Beleuchtungsm\u00f6glichkeiten erh\u00f6hen die\u00a0<i>Aufenthaltsqualit\u00e4t<\/i>.\u00a0Im Idealfall gibt es sogar eine Terrasse.<\/p><p>Die vorgesehenen\u00a0<i>Funktionen<\/i>\u00a0der Schulbibliothek spiegeln sich idealerweise im\u00a0<i>Gesamtkonzept<\/i>\u00a0wider, welches au\u00dferdem Aspekte wie Zielgruppen und Bestand ber\u00fccksichtigen sollte.<\/p><p>Bei der Planung der Schulbibliothek sind demnach folgende Aspekte zu ber\u00fccksichtigen und nach M\u00f6glichkeit jene Bereiche umzusetzen, die der vorgesehenen\u00a0<i>Nutzung entsprechen<\/i>:<\/p><ul><li>Der\u00a0<i>Bestand<\/i>\u00a0wird definiert durch die angedachte Nutzung der Schulbibliothek und die zu planenden Bereiche (Buchverleih oder Multimediales Informationszentrum? Medienkompetenz und Computerarbeitspl\u00e4tze? DVD-Verleih? Zeitschriften? e-Books? )<br \/>Aufbau von\u00a0<i>Grundbestand\u00a0<\/i>(Unterst\u00fctzung des Buchhandels) + standortbezogene\u00a0<i>Erg\u00e4nzung<\/i>\u00a0durch: Stellenwert von Fachliteratur \u2013 Belletristik, Stellenwert der Schwerpunktf\u00e4cher etc.<\/li><\/ul><div>\u00a0<\/div><ul><li><i>Leitsystem\u00a0<\/i>zur Schulbibliothek<\/li><\/ul><div>\u00a0<\/div><ul><li>gesamte Bibliothek: Stromversorgung, Telefon, WLAN,\u00a0<i>technische Ausstattung<\/i>\u00a0(Kopierer, Drucker f\u00fcr Bibliotheksnutzer?)<br \/><i>flexible M\u00f6blierung<\/i>\u00a0und Ausstattung (Stapelsessel, Rollenregale, stabile kombinierbare Tische: Beratung und geeignete Ma\u00dfe im Fachhandel!)<\/li><\/ul><div>\u00a0<\/div><p><strong>Gliederung in Funktionsbereiche:<\/strong><\/p><ul><li><i>Eingangsbereich:<\/i>\u00a0Garderobe oder Abstellplatz (kompatibel mit Bibliotheksordnung, z.B. versperrbare K\u00e4stchen) inklusive sichtbarer Infotafel (Pinnwand), Plan zur \u00dcbersicht und erkennbare Bereiche zur Orientierung<\/li><\/ul><div>\u00a0<\/div><ul><li><i>Diplomarbeitsbereich<\/i>\u00a0mit Zeitleiste, Infos zu Recherche und Best-Practice-Beispielen<\/li><\/ul><div>\u00a0<\/div><ul><li><i>Pr\u00e4sentation<\/i>\u00a0neuer Medien \/ Zeitschriften sowie der Bereich f\u00fcr\u00a0<i>Recherche\u00a0<\/i>(beschriftete Pr\u00e4sentationsm\u00f6bel und Regale, Buchst\u00fctzen)<\/li><\/ul><div>\u00a0<\/div><ul><li><i>Beratung und Verleih<\/i>\u00a0inklusive Abstellfl\u00e4che und gen\u00fcgend\u00a0<i>Arbeitsplatz<\/i>\u00a0zur Verwaltungst\u00e4tigkeiten, naher Abstellraum<\/li><\/ul><div>\u00a0<\/div><ul><li><i>Lern- und Arbeitsbereiche<\/i>: Stillarbeit \/ Gruppenarbeit \/ EDV-Arbeitspl\u00e4tze in unterteilten Bereichen, mit Zugang zu naheliegenden Medien<\/li><\/ul><div>\u00a0<\/div><ul><li><i>Lesebereich<\/i>\u00a0mit Sitzstufen oder-gruppen, Couch, gem\u00fctlichen Sesseln (Aufenthaltsraum)<\/li><\/ul><div>\u00a0<\/div><ul><li><i>Veranstaltungsbereich<\/i>\u00a0mit Sitzpl\u00e4tzen, Ausstattung und Technik f\u00fcr Pr\u00e4sentation (Computer, Beamer, Leinwand, Verdunkelung, Lautsprecher\u2026)<\/li><\/ul><div>\u00a0<\/div><p>Abschlie\u00dfend ist zu sagen, dass die Akzeptanz als Raumoption in vielen Gelegenheiten sowie die Integration der Schulbibliothek in den Schulalltag in hohem Ma\u00dfe von Funktionalit\u00e4t, Gestaltung und Atmosph\u00e4re abh\u00e4ngt \u2013 und von der Kreativit\u00e4t der BibliothekarInnen.<\/p><p><a style=\"font-family: var( --e-global-typography-text-font-family ), Sans-serif; font-weight: var( --e-global-typography-text-font-weight ); background-color: #ffffff; font-size: 1rem;\" href=\"http:\/\/www.schulmediothek.de\/index.php?id=894\">Weitere Informationen<\/a><\/p>\t\t\t\t\t\t\t\t<\/div>\n\t\t\t\t<\/div>\n\t\t\t\t\t<\/div>\n\t\t<\/div>\n\t\t\t\t<div class=\"elementor-column elementor-col-33 elementor-top-column elementor-element elementor-element-cf3baf2\" data-id=\"cf3baf2\" data-element_type=\"column\">\n\t\t\t<div class=\"elementor-widget-wrap elementor-element-populated\">\n\t\t\t\t\t\t<div class=\"elementor-element elementor-element-37f696d elementor-widget elementor-widget-image\" data-id=\"37f696d\" data-element_type=\"widget\" data-widget_type=\"image.default\">\n\t\t\t\t<div class=\"elementor-widget-container\">\n\t\t\t\t\t\t\t\t\t\t\t\t\t\t\t\t<a href=\"https:\/\/bibbs.at\/wp-content\/uploads\/2021\/01\/Grundriss_Schlierbach2.jpg\">\n\t\t\t\t\t\t\t<img fetchpriority=\"high\" decoding=\"async\" width=\"657\" height=\"906\" src=\"https:\/\/www.bibbs.at\/wp-content\/uploads\/2021\/01\/Grundriss_Schlierbach2.jpg\" class=\"attachment-large size-large wp-image-806\" alt=\"\" srcset=\"https:\/\/www.bibbs.at\/wp-content\/uploads\/2021\/01\/Grundriss_Schlierbach2.jpg 657w, https:\/\/www.bibbs.at\/wp-content\/uploads\/2021\/01\/Grundriss_Schlierbach2-218x300.jpg 218w\" sizes=\"(max-width: 657px) 100vw, 657px\" \/>\t\t\t\t\t\t\t\t<\/a>\n\t\t\t\t\t\t\t\t\t\t\t\t\t\t\t<\/div>\n\t\t\t\t<\/div>\n\t\t\t\t\t<\/div>\n\t\t<\/div>\n\t\t\t\t\t<\/div>\n\t\t<\/section>\n\t\t\t\t<section class=\"elementor-section elementor-top-section elementor-element elementor-element-16b761f elementor-section-boxed elementor-section-height-default elementor-section-height-default\" data-id=\"16b761f\" data-element_type=\"section\">\n\t\t\t\t\t\t<div class=\"elementor-container elementor-column-gap-default\">\n\t\t\t\t\t<div class=\"elementor-column elementor-col-100 elementor-top-column elementor-element elementor-element-68fab1d\" data-id=\"68fab1d\" data-element_type=\"column\">\n\t\t\t<div class=\"elementor-widget-wrap elementor-element-populated\">\n\t\t\t\t\t\t<div class=\"elementor-element elementor-element-531bf25 elementor-widget elementor-widget-heading\" data-id=\"531bf25\" data-element_type=\"widget\" data-widget_type=\"heading.default\">\n\t\t\t\t<div class=\"elementor-widget-container\">\n\t\t\t\t\t<h2 class=\"elementor-heading-title elementor-size-default\">Einige Vorschl\u00e4ge f\u00fcr Grundrisse<\/h2>\t\t\t\t<\/div>\n\t\t\t\t<\/div>\n\t\t\t\t\t<\/div>\n\t\t<\/div>\n\t\t\t\t\t<\/div>\n\t\t<\/section>\n\t\t\t\t<section class=\"elementor-section elementor-top-section elementor-element elementor-element-4b2858e elementor-section-boxed elementor-section-height-default elementor-section-height-default\" data-id=\"4b2858e\" data-element_type=\"section\">\n\t\t\t\t\t\t<div class=\"elementor-container elementor-column-gap-default\">\n\t\t\t\t\t<div class=\"elementor-column elementor-col-50 elementor-top-column elementor-element elementor-element-2a999a6\" data-id=\"2a999a6\" data-element_type=\"column\">\n\t\t\t<div class=\"elementor-widget-wrap elementor-element-populated\">\n\t\t\t\t\t\t<div class=\"elementor-element elementor-element-035fb6d elementor-widget elementor-widget-image\" data-id=\"035fb6d\" data-element_type=\"widget\" data-widget_type=\"image.default\">\n\t\t\t\t<div class=\"elementor-widget-container\">\n\t\t\t\t\t\t\t\t\t\t\t\t\t\t\t\t<a href=\"https:\/\/bibbs.at\/wp-content\/uploads\/2021\/01\/Grundriss_Maintal.jpg\">\n\t\t\t\t\t\t\t<img decoding=\"async\" width=\"689\" height=\"358\" src=\"https:\/\/www.bibbs.at\/wp-content\/uploads\/2021\/01\/Grundriss_Maintal.jpg\" class=\"attachment-large size-large wp-image-811\" alt=\"\" srcset=\"https:\/\/www.bibbs.at\/wp-content\/uploads\/2021\/01\/Grundriss_Maintal.jpg 689w, https:\/\/www.bibbs.at\/wp-content\/uploads\/2021\/01\/Grundriss_Maintal-300x156.jpg 300w\" sizes=\"(max-width: 689px) 100vw, 689px\" \/>\t\t\t\t\t\t\t\t<\/a>\n\t\t\t\t\t\t\t\t\t\t\t\t\t\t\t<\/div>\n\t\t\t\t<\/div>\n\t\t\t\t\t<\/div>\n\t\t<\/div>\n\t\t\t\t<div class=\"elementor-column elementor-col-50 elementor-top-column elementor-element elementor-element-12da2ee\" data-id=\"12da2ee\" data-element_type=\"column\">\n\t\t\t<div class=\"elementor-widget-wrap elementor-element-populated\">\n\t\t\t\t\t\t<div class=\"elementor-element elementor-element-3d3b9fa elementor-widget elementor-widget-image\" data-id=\"3d3b9fa\" data-element_type=\"widget\" data-widget_type=\"image.default\">\n\t\t\t\t<div class=\"elementor-widget-container\">\n\t\t\t\t\t\t\t\t\t\t\t\t\t\t\t\t<a href=\"https:\/\/bibbs.at\/wp-content\/uploads\/2021\/01\/Grundriss_Kematen.jpg\">\n\t\t\t\t\t\t\t<img decoding=\"async\" width=\"753\" height=\"658\" src=\"https:\/\/www.bibbs.at\/wp-content\/uploads\/2021\/01\/Grundriss_Kematen.jpg\" class=\"attachment-large size-large wp-image-812\" alt=\"\" srcset=\"https:\/\/www.bibbs.at\/wp-content\/uploads\/2021\/01\/Grundriss_Kematen.jpg 753w, https:\/\/www.bibbs.at\/wp-content\/uploads\/2021\/01\/Grundriss_Kematen-300x262.jpg 300w\" sizes=\"(max-width: 753px) 100vw, 753px\" \/>\t\t\t\t\t\t\t\t<\/a>\n\t\t\t\t\t\t\t\t\t\t\t\t\t\t\t<\/div>\n\t\t\t\t<\/div>\n\t\t\t\t\t<\/div>\n\t\t<\/div>\n\t\t\t\t\t<\/div>\n\t\t<\/section>\n\t\t\t\t<\/div>\n\t\t","protected":false},"excerpt":{"rendered":"<p>Planung und Gestaltung von Schulbibliotheken Wie geht man an die Planung einer Schulb\u00fccherei heran? Welche Aspekte sind zu ber\u00fccksichtigen, bevor man \u00fcber die konkrete M\u00f6blierung nachdenkt?Im Folgenden finden Sie einige Anregungen, die als Hilfestellung f\u00fcr den Bibliotheksaufbau gedacht sind. Grunds\u00e4tzlich sollte sich eine Schulbibliothek in\u00a0zentraler Lage\u00a0des Schulgeb\u00e4udes befinden und einen\u00a0einladenden\u00a0Eindruck machen. Frischluft, Tageslicht und Beschattung [&hellip;]<\/p>\n","protected":false},"author":1,"featured_media":0,"parent":0,"menu_order":0,"comment_status":"closed","ping_status":"closed","template":"elementor_header_footer","meta":{"two_page_speed":[],"footnotes":""},"class_list":["post-498","page","type-page","status-publish","hentry"],"yoast_head":"<!-- This site is optimized with the Yoast SEO plugin v25.1 - https:\/\/yoast.com\/wordpress\/plugins\/seo\/ -->\n<title>Planung - bibbs.at<\/title>\n<meta name=\"description\" content=\"Entdecken Sie Bildung und B\u00fccher auf\u00a0bibbs.at! Finden Sie Informationen zu Schulbibliotheken, Veranstaltungen und Kursen in Ihrer N\u00e4he.\" \/>\n<meta name=\"robots\" content=\"index, follow, max-snippet:-1, max-image-preview:large, max-video-preview:-1\" \/>\n<link rel=\"canonical\" href=\"https:\/\/www.bibbs.at\/?page_id=498\" \/>\n<meta property=\"og:locale\" content=\"de_DE\" \/>\n<meta property=\"og:type\" content=\"article\" \/>\n<meta property=\"og:title\" content=\"Planung - bibbs.at\" \/>\n<meta property=\"og:description\" content=\"Entdecken Sie Bildung und B\u00fccher auf\u00a0bibbs.at! Finden Sie Informationen zu Schulbibliotheken, Veranstaltungen und Kursen in Ihrer N\u00e4he.\" \/>\n<meta property=\"og:url\" content=\"https:\/\/www.bibbs.at\/?page_id=498\" \/>\n<meta property=\"og:site_name\" content=\"bibbs.at\" \/>\n<meta property=\"article:modified_time\" content=\"2021-04-23T09:55:35+00:00\" \/>\n<meta property=\"og:image\" content=\"https:\/\/www.bibbs.at\/wp-content\/uploads\/2021\/01\/Grundriss_Schlierbach2.jpg\" \/>\n<meta name=\"twitter:card\" content=\"summary_large_image\" \/>\n<meta name=\"twitter:label1\" content=\"Gesch\u00e4tzte Lesezeit\" \/>\n\t<meta name=\"twitter:data1\" content=\"2 Minuten\" \/>\n<script type=\"application\/ld+json\" class=\"yoast-schema-graph\">{\"@context\":\"https:\/\/schema.org\",\"@graph\":[{\"@type\":\"WebPage\",\"@id\":\"https:\/\/www.bibbs.at\/?page_id=498\",\"url\":\"https:\/\/www.bibbs.at\/?page_id=498\",\"name\":\"Planung - bibbs.at\",\"isPartOf\":{\"@id\":\"https:\/\/www.bibbs.at\/#website\"},\"primaryImageOfPage\":{\"@id\":\"https:\/\/www.bibbs.at\/?page_id=498#primaryimage\"},\"image\":{\"@id\":\"https:\/\/www.bibbs.at\/?page_id=498#primaryimage\"},\"thumbnailUrl\":\"https:\/\/www.bibbs.at\/wp-content\/uploads\/2021\/01\/Grundriss_Schlierbach2.jpg\",\"datePublished\":\"2021-01-03T17:04:53+00:00\",\"dateModified\":\"2021-04-23T09:55:35+00:00\",\"description\":\"Entdecken Sie Bildung und B\u00fccher auf\u00a0bibbs.at! Finden Sie Informationen zu Schulbibliotheken, Veranstaltungen und Kursen in Ihrer N\u00e4he.\",\"breadcrumb\":{\"@id\":\"https:\/\/www.bibbs.at\/?page_id=498#breadcrumb\"},\"inLanguage\":\"de-AT\",\"potentialAction\":[{\"@type\":\"ReadAction\",\"target\":[\"https:\/\/www.bibbs.at\/?page_id=498\"]}]},{\"@type\":\"ImageObject\",\"inLanguage\":\"de-AT\",\"@id\":\"https:\/\/www.bibbs.at\/?page_id=498#primaryimage\",\"url\":\"https:\/\/www.bibbs.at\/wp-content\/uploads\/2021\/01\/Grundriss_Schlierbach2.jpg\",\"contentUrl\":\"https:\/\/www.bibbs.at\/wp-content\/uploads\/2021\/01\/Grundriss_Schlierbach2.jpg\",\"width\":657,\"height\":906},{\"@type\":\"BreadcrumbList\",\"@id\":\"https:\/\/www.bibbs.at\/?page_id=498#breadcrumb\",\"itemListElement\":[{\"@type\":\"ListItem\",\"position\":1,\"name\":\"Home\",\"item\":\"https:\/\/www.bibbs.at\/\"},{\"@type\":\"ListItem\",\"position\":2,\"name\":\"Planung\"}]},{\"@type\":\"WebSite\",\"@id\":\"https:\/\/www.bibbs.at\/#website\",\"url\":\"https:\/\/www.bibbs.at\/\",\"name\":\"bibbs.at\",\"description\":\"BiBBS \u2013 Bibliothekarinnen an berufsbildenden Schulen\",\"publisher\":{\"@id\":\"https:\/\/www.bibbs.at\/#organization\"},\"potentialAction\":[{\"@type\":\"SearchAction\",\"target\":{\"@type\":\"EntryPoint\",\"urlTemplate\":\"https:\/\/www.bibbs.at\/?s={search_term_string}\"},\"query-input\":{\"@type\":\"PropertyValueSpecification\",\"valueRequired\":true,\"valueName\":\"search_term_string\"}}],\"inLanguage\":\"de-AT\"},{\"@type\":\"Organization\",\"@id\":\"https:\/\/www.bibbs.at\/#organization\",\"name\":\"bibbs.at\",\"url\":\"https:\/\/www.bibbs.at\/\",\"logo\":{\"@type\":\"ImageObject\",\"inLanguage\":\"de-AT\",\"@id\":\"https:\/\/www.bibbs.at\/#\/schema\/logo\/image\/\",\"url\":\"https:\/\/www.bibbs.at\/wp-content\/uploads\/2020\/10\/image2.png\",\"contentUrl\":\"https:\/\/www.bibbs.at\/wp-content\/uploads\/2020\/10\/image2.png\",\"width\":472,\"height\":162,\"caption\":\"bibbs.at\"},\"image\":{\"@id\":\"https:\/\/www.bibbs.at\/#\/schema\/logo\/image\/\"}}]}<\/script>\n<!-- \/ Yoast SEO plugin. -->","yoast_head_json":{"title":"Planung - bibbs.at","description":"Entdecken Sie Bildung und B\u00fccher auf\u00a0bibbs.at! Finden Sie Informationen zu Schulbibliotheken, Veranstaltungen und Kursen in Ihrer N\u00e4he.","robots":{"index":"index","follow":"follow","max-snippet":"max-snippet:-1","max-image-preview":"max-image-preview:large","max-video-preview":"max-video-preview:-1"},"canonical":"https:\/\/www.bibbs.at\/?page_id=498","og_locale":"de_DE","og_type":"article","og_title":"Planung - bibbs.at","og_description":"Entdecken Sie Bildung und B\u00fccher auf\u00a0bibbs.at! Finden Sie Informationen zu Schulbibliotheken, Veranstaltungen und Kursen in Ihrer N\u00e4he.","og_url":"https:\/\/www.bibbs.at\/?page_id=498","og_site_name":"bibbs.at","article_modified_time":"2021-04-23T09:55:35+00:00","og_image":[{"url":"https:\/\/www.bibbs.at\/wp-content\/uploads\/2021\/01\/Grundriss_Schlierbach2.jpg","type":"","width":"","height":""}],"twitter_card":"summary_large_image","twitter_misc":{"Gesch\u00e4tzte Lesezeit":"2 Minuten"},"schema":{"@context":"https:\/\/schema.org","@graph":[{"@type":"WebPage","@id":"https:\/\/www.bibbs.at\/?page_id=498","url":"https:\/\/www.bibbs.at\/?page_id=498","name":"Planung - bibbs.at","isPartOf":{"@id":"https:\/\/www.bibbs.at\/#website"},"primaryImageOfPage":{"@id":"https:\/\/www.bibbs.at\/?page_id=498#primaryimage"},"image":{"@id":"https:\/\/www.bibbs.at\/?page_id=498#primaryimage"},"thumbnailUrl":"https:\/\/www.bibbs.at\/wp-content\/uploads\/2021\/01\/Grundriss_Schlierbach2.jpg","datePublished":"2021-01-03T17:04:53+00:00","dateModified":"2021-04-23T09:55:35+00:00","description":"Entdecken Sie Bildung und B\u00fccher auf\u00a0bibbs.at! Finden Sie Informationen zu Schulbibliotheken, Veranstaltungen und Kursen in Ihrer N\u00e4he.","breadcrumb":{"@id":"https:\/\/www.bibbs.at\/?page_id=498#breadcrumb"},"inLanguage":"de-AT","potentialAction":[{"@type":"ReadAction","target":["https:\/\/www.bibbs.at\/?page_id=498"]}]},{"@type":"ImageObject","inLanguage":"de-AT","@id":"https:\/\/www.bibbs.at\/?page_id=498#primaryimage","url":"https:\/\/www.bibbs.at\/wp-content\/uploads\/2021\/01\/Grundriss_Schlierbach2.jpg","contentUrl":"https:\/\/www.bibbs.at\/wp-content\/uploads\/2021\/01\/Grundriss_Schlierbach2.jpg","width":657,"height":906},{"@type":"BreadcrumbList","@id":"https:\/\/www.bibbs.at\/?page_id=498#breadcrumb","itemListElement":[{"@type":"ListItem","position":1,"name":"Home","item":"https:\/\/www.bibbs.at\/"},{"@type":"ListItem","position":2,"name":"Planung"}]},{"@type":"WebSite","@id":"https:\/\/www.bibbs.at\/#website","url":"https:\/\/www.bibbs.at\/","name":"bibbs.at","description":"BiBBS \u2013 Bibliothekarinnen an berufsbildenden Schulen","publisher":{"@id":"https:\/\/www.bibbs.at\/#organization"},"potentialAction":[{"@type":"SearchAction","target":{"@type":"EntryPoint","urlTemplate":"https:\/\/www.bibbs.at\/?s={search_term_string}"},"query-input":{"@type":"PropertyValueSpecification","valueRequired":true,"valueName":"search_term_string"}}],"inLanguage":"de-AT"},{"@type":"Organization","@id":"https:\/\/www.bibbs.at\/#organization","name":"bibbs.at","url":"https:\/\/www.bibbs.at\/","logo":{"@type":"ImageObject","inLanguage":"de-AT","@id":"https:\/\/www.bibbs.at\/#\/schema\/logo\/image\/","url":"https:\/\/www.bibbs.at\/wp-content\/uploads\/2020\/10\/image2.png","contentUrl":"https:\/\/www.bibbs.at\/wp-content\/uploads\/2020\/10\/image2.png","width":472,"height":162,"caption":"bibbs.at"},"image":{"@id":"https:\/\/www.bibbs.at\/#\/schema\/logo\/image\/"}}]}},"_links":{"self":[{"href":"https:\/\/www.bibbs.at\/index.php?rest_route=\/wp\/v2\/pages\/498","targetHints":{"allow":["GET"]}}],"collection":[{"href":"https:\/\/www.bibbs.at\/index.php?rest_route=\/wp\/v2\/pages"}],"about":[{"href":"https:\/\/www.bibbs.at\/index.php?rest_route=\/wp\/v2\/types\/page"}],"author":[{"embeddable":true,"href":"https:\/\/www.bibbs.at\/index.php?rest_route=\/wp\/v2\/users\/1"}],"replies":[{"embeddable":true,"href":"https:\/\/www.bibbs.at\/index.php?rest_route=%2Fwp%2Fv2%2Fcomments&post=498"}],"version-history":[{"count":35,"href":"https:\/\/www.bibbs.at\/index.php?rest_route=\/wp\/v2\/pages\/498\/revisions"}],"predecessor-version":[{"id":3222,"href":"https:\/\/www.bibbs.at\/index.php?rest_route=\/wp\/v2\/pages\/498\/revisions\/3222"}],"wp:attachment":[{"href":"https:\/\/www.bibbs.at\/index.php?rest_route=%2Fwp%2Fv2%2Fmedia&parent=498"}],"curies":[{"name":"wp","href":"https:\/\/api.w.org\/{rel}","templated":true}]}}