
{"id":282,"date":"2020-12-04T10:46:40","date_gmt":"2020-12-04T09:46:40","guid":{"rendered":"https:\/\/neu.bibbs.at\/?page_id=282"},"modified":"2021-04-23T11:31:48","modified_gmt":"2021-04-23T09:31:48","slug":"koordinationsstelle","status":"publish","type":"page","link":"https:\/\/www.bibbs.at\/?page_id=282","title":{"rendered":"Koordinationsstelle"},"content":{"rendered":"\t\t<div data-elementor-type=\"wp-page\" data-elementor-id=\"282\" class=\"elementor elementor-282\" data-elementor-post-type=\"page\">\n\t\t\t\t\t\t<section class=\"elementor-section elementor-top-section elementor-element elementor-element-12165f4 elementor-section-boxed elementor-section-height-default elementor-section-height-default\" data-id=\"12165f4\" data-element_type=\"section\">\n\t\t\t\t\t\t<div class=\"elementor-container elementor-column-gap-default\">\n\t\t\t\t\t<div class=\"elementor-column elementor-col-100 elementor-top-column elementor-element elementor-element-f801813 elementor-hidden-phone\" data-id=\"f801813\" data-element_type=\"column\">\n\t\t\t<div class=\"elementor-widget-wrap elementor-element-populated\">\n\t\t\t\t\t\t<div class=\"elementor-element elementor-element-c4e4ba5 elementor-widget elementor-widget-spacer\" data-id=\"c4e4ba5\" data-element_type=\"widget\" data-widget_type=\"spacer.default\">\n\t\t\t\t<div class=\"elementor-widget-container\">\n\t\t\t\t\t\t\t<div class=\"elementor-spacer\">\n\t\t\t<div class=\"elementor-spacer-inner\"><\/div>\n\t\t<\/div>\n\t\t\t\t\t\t<\/div>\n\t\t\t\t<\/div>\n\t\t\t\t\t<\/div>\n\t\t<\/div>\n\t\t\t\t\t<\/div>\n\t\t<\/section>\n\t\t\t\t<section class=\"elementor-section elementor-top-section elementor-element elementor-element-ba5689b elementor-section-boxed elementor-section-height-default elementor-section-height-default\" data-id=\"ba5689b\" data-element_type=\"section\">\n\t\t\t\t\t\t<div class=\"elementor-container elementor-column-gap-default\">\n\t\t\t\t\t<div class=\"elementor-column elementor-col-100 elementor-top-column elementor-element elementor-element-a7f373e\" data-id=\"a7f373e\" data-element_type=\"column\">\n\t\t\t<div class=\"elementor-widget-wrap elementor-element-populated\">\n\t\t\t\t\t\t<div class=\"elementor-element elementor-element-ae50efd elementor-widget elementor-widget-heading\" data-id=\"ae50efd\" data-element_type=\"widget\" data-widget_type=\"heading.default\">\n\t\t\t\t<div class=\"elementor-widget-container\">\n\t\t\t\t\t<h2 class=\"elementor-heading-title elementor-size-default\">Koordinationsstelle f\u00fcr Bibliotheken an berufsbildenden Schulen<\/h2>\t\t\t\t<\/div>\n\t\t\t\t<\/div>\n\t\t\t\t\t<\/div>\n\t\t<\/div>\n\t\t\t\t\t<\/div>\n\t\t<\/section>\n\t\t\t\t<section class=\"elementor-section elementor-top-section elementor-element elementor-element-49f5168 elementor-section-boxed elementor-section-height-default elementor-section-height-default\" data-id=\"49f5168\" data-element_type=\"section\">\n\t\t\t\t\t\t<div class=\"elementor-container elementor-column-gap-default\">\n\t\t\t\t\t<div class=\"elementor-column elementor-col-100 elementor-top-column elementor-element elementor-element-45cb3e4 elementor-hidden-phone\" data-id=\"45cb3e4\" data-element_type=\"column\">\n\t\t\t<div class=\"elementor-widget-wrap elementor-element-populated\">\n\t\t\t\t\t\t<div class=\"elementor-element elementor-element-45721dd elementor-widget elementor-widget-spacer\" data-id=\"45721dd\" data-element_type=\"widget\" data-widget_type=\"spacer.default\">\n\t\t\t\t<div class=\"elementor-widget-container\">\n\t\t\t\t\t\t\t<div class=\"elementor-spacer\">\n\t\t\t<div class=\"elementor-spacer-inner\"><\/div>\n\t\t<\/div>\n\t\t\t\t\t\t<\/div>\n\t\t\t\t<\/div>\n\t\t\t\t\t<\/div>\n\t\t<\/div>\n\t\t\t\t\t<\/div>\n\t\t<\/section>\n\t\t\t\t<section class=\"elementor-section elementor-top-section elementor-element elementor-element-372e1d9 elementor-section-boxed elementor-section-height-default elementor-section-height-default\" data-id=\"372e1d9\" data-element_type=\"section\">\n\t\t\t\t\t\t<div class=\"elementor-container elementor-column-gap-default\">\n\t\t\t\t\t<div class=\"elementor-column elementor-col-100 elementor-top-column elementor-element elementor-element-83c8c66\" data-id=\"83c8c66\" data-element_type=\"column\">\n\t\t\t<div class=\"elementor-widget-wrap\">\n\t\t\t\t\t\t\t<\/div>\n\t\t<\/div>\n\t\t\t\t\t<\/div>\n\t\t<\/section>\n\t\t\t\t<section class=\"elementor-section elementor-top-section elementor-element elementor-element-d8b50c1 elementor-section-boxed elementor-section-height-default elementor-section-height-default\" data-id=\"d8b50c1\" data-element_type=\"section\">\n\t\t\t\t\t\t<div class=\"elementor-container elementor-column-gap-default\">\n\t\t\t\t\t<div class=\"elementor-column elementor-col-66 elementor-top-column elementor-element elementor-element-301abda\" data-id=\"301abda\" data-element_type=\"column\">\n\t\t\t<div class=\"elementor-widget-wrap elementor-element-populated\">\n\t\t\t\t\t\t<div class=\"elementor-element elementor-element-4a6ff23 elementor-widget elementor-widget-text-editor\" data-id=\"4a6ff23\" data-element_type=\"widget\" data-widget_type=\"text-editor.default\">\n\t\t\t\t<div class=\"elementor-widget-container\">\n\t\t\t\t\t\t\t\t\t<div class=\"wpb_text_column wpb_content_element \"><div class=\"wpb_wrapper\"><p>Seit\u00a0 2010 gibt es an der\u00a0 P\u00e4dagogischen Hochschule Ober\u00f6sterreich eine Koordinationsstelle f\u00fcr Bibliotheken an berufsbildenden Schulen. Diese wird seit 2014 von Dipl.-P\u00e4d. Ursula BADRAN geleitet.<\/p><p>Kontaktm\u00f6glichkeiten finden Sie im Men\u00fc\u00a0<a href=\"https:\/\/bibbs.at\/?page_id=504\" target=\"_blank\" rel=\"noopener noreferrer\">SERVICE<\/a>.\u00a0<\/p><p>Die\u00a0<strong>Schwerpunkte der Koordinationsstelle\u00a0<\/strong>liegen in folgenden Bereichen:<\/p><ul><li><strong>Kontaktstelle<\/strong>\u00a0f\u00fcr SchulbibliothekarInnen an berufsbildenden Schulen<\/li><li><strong>Beratung<\/strong>\u00a0in allen Fragen die Schulbibliothek betreffend (Einrichtung, Bestandsaufbau, rechtliche Fragen, etc.)<\/li><li>Information \u00fcber den\u00a0<strong>Ausbildungslehrgang<\/strong><\/li><li>Ausbau des bestehenden\u00a0<strong>Bibliotheksnetzes<\/strong><\/li><li><strong>Hilfestellung bei Ansuchen um Genehmigung<\/strong>\u00a0des Modells \u201eSchulbibliothek an berufsbildenden mittleren und h\u00f6heren Schulen\u201c<\/li><li>Koordination und Qualit\u00e4tssicherung der\u00a0<strong>Fort- und Weiterbildung<\/strong><\/li><li>F\u00f6rderung der\u00a0<strong>Bibliotheksdidaktik<\/strong><\/li><li>Informationen zu\u00a0<strong>aktuellen Ereignissen<\/strong><\/li><li>Koordination und\u00a0<strong>Kooperation mit dem Bundesministerium<\/strong>\u00a0f\u00fcr Bildung, Wissenschaft und Forschung, Abteilung II\/9<\/li><li>Kooperation mit anderen\u00a0<strong>bibliothekarischen Servicestellen<\/strong><\/li><li>Vertretung der Plattform BiBBS bzw. der Schulbibliotheken an berufsbildenden Schulen bei\u00a0<strong>Tagungen und Kongressen<\/strong><\/li><\/ul><\/div><\/div><div class=\"vc_empty_space\">\u00a0<\/div>\t\t\t\t\t\t\t\t<\/div>\n\t\t\t\t<\/div>\n\t\t\t\t\t<\/div>\n\t\t<\/div>\n\t\t\t\t<div class=\"elementor-column elementor-col-33 elementor-top-column elementor-element elementor-element-4603672\" data-id=\"4603672\" data-element_type=\"column\">\n\t\t\t<div class=\"elementor-widget-wrap elementor-element-populated\">\n\t\t\t\t\t\t<div class=\"elementor-element elementor-element-e88d6df elementor-widget elementor-widget-text-editor\" data-id=\"e88d6df\" data-element_type=\"widget\" data-widget_type=\"text-editor.default\">\n\t\t\t\t<div class=\"elementor-widget-container\">\n\t\t\t\t\t\t\t\t\t<p><img fetchpriority=\"high\" decoding=\"async\" class=\"wp-image-2228 size-medium aligncenter\" src=\"https:\/\/neu.bibbs.at\/wp-content\/uploads\/2021\/03\/Koordination2-277x300.png\" alt=\"\" width=\"277\" height=\"300\" srcset=\"https:\/\/www.bibbs.at\/wp-content\/uploads\/2021\/03\/Koordination2-277x300.png 277w, https:\/\/www.bibbs.at\/wp-content\/uploads\/2021\/03\/Koordination2.png 704w\" sizes=\"(max-width: 277px) 100vw, 277px\" \/><\/p>\t\t\t\t\t\t\t\t<\/div>\n\t\t\t\t<\/div>\n\t\t\t\t\t<\/div>\n\t\t<\/div>\n\t\t\t\t\t<\/div>\n\t\t<\/section>\n\t\t\t\t<section class=\"elementor-section elementor-top-section elementor-element elementor-element-af0239c elementor-section-boxed elementor-section-height-default elementor-section-height-default\" data-id=\"af0239c\" data-element_type=\"section\">\n\t\t\t\t\t\t<div class=\"elementor-container elementor-column-gap-default\">\n\t\t\t\t\t<div class=\"elementor-column elementor-col-100 elementor-top-column elementor-element elementor-element-fc77d7f\" data-id=\"fc77d7f\" data-element_type=\"column\">\n\t\t\t<div class=\"elementor-widget-wrap elementor-element-populated\">\n\t\t\t\t\t\t<div class=\"elementor-element elementor-element-c9a3d33 elementor-widget elementor-widget-spacer\" data-id=\"c9a3d33\" data-element_type=\"widget\" data-widget_type=\"spacer.default\">\n\t\t\t\t<div class=\"elementor-widget-container\">\n\t\t\t\t\t\t\t<div class=\"elementor-spacer\">\n\t\t\t<div class=\"elementor-spacer-inner\"><\/div>\n\t\t<\/div>\n\t\t\t\t\t\t<\/div>\n\t\t\t\t<\/div>\n\t\t\t\t\t<\/div>\n\t\t<\/div>\n\t\t\t\t\t<\/div>\n\t\t<\/section>\n\t\t\t\t<\/div>\n\t\t","protected":false},"excerpt":{"rendered":"<p>Koordinationsstelle f\u00fcr Bibliotheken an berufsbildenden Schulen Seit\u00a0 2010 gibt es an der\u00a0 P\u00e4dagogischen Hochschule Ober\u00f6sterreich eine Koordinationsstelle f\u00fcr Bibliotheken an berufsbildenden Schulen. Diese wird seit 2014 von Dipl.-P\u00e4d. Ursula BADRAN geleitet. Kontaktm\u00f6glichkeiten finden Sie im Men\u00fc\u00a0SERVICE.\u00a0 Die\u00a0Schwerpunkte der Koordinationsstelle\u00a0liegen in folgenden Bereichen: Kontaktstelle\u00a0f\u00fcr SchulbibliothekarInnen an berufsbildenden Schulen Beratung\u00a0in allen Fragen die Schulbibliothek betreffend (Einrichtung, Bestandsaufbau, [&hellip;]<\/p>\n","protected":false},"author":1,"featured_media":0,"parent":0,"menu_order":0,"comment_status":"closed","ping_status":"closed","template":"elementor_header_footer","meta":{"two_page_speed":[],"footnotes":""},"class_list":["post-282","page","type-page","status-publish","hentry"],"yoast_head":"<!-- This site is optimized with the Yoast SEO plugin v25.1 - https:\/\/yoast.com\/wordpress\/plugins\/seo\/ -->\n<title>Koordinationsstelle - bibbs.at<\/title>\n<meta name=\"description\" content=\"Entdecken Sie Bildung und B\u00fccher auf\u00a0bibbs.at! Finden Sie Informationen zu Schulbibliotheken, Veranstaltungen und Kursen in Ihrer N\u00e4he.\" \/>\n<meta name=\"robots\" content=\"index, follow, max-snippet:-1, max-image-preview:large, max-video-preview:-1\" \/>\n<link rel=\"canonical\" href=\"https:\/\/www.bibbs.at\/?page_id=282\" \/>\n<meta property=\"og:locale\" content=\"de_DE\" \/>\n<meta property=\"og:type\" content=\"article\" \/>\n<meta property=\"og:title\" content=\"Koordinationsstelle - bibbs.at\" \/>\n<meta property=\"og:description\" content=\"Entdecken Sie Bildung und B\u00fccher auf\u00a0bibbs.at! Finden Sie Informationen zu Schulbibliotheken, Veranstaltungen und Kursen in Ihrer N\u00e4he.\" \/>\n<meta property=\"og:url\" content=\"https:\/\/www.bibbs.at\/?page_id=282\" \/>\n<meta property=\"og:site_name\" content=\"bibbs.at\" \/>\n<meta property=\"article:modified_time\" content=\"2021-04-23T09:31:48+00:00\" \/>\n<meta property=\"og:image\" content=\"https:\/\/neu.bibbs.at\/wp-content\/uploads\/2021\/03\/Koordination2-277x300.png\" \/>\n<meta name=\"twitter:card\" content=\"summary_large_image\" \/>\n<meta name=\"twitter:label1\" content=\"Gesch\u00e4tzte Lesezeit\" \/>\n\t<meta name=\"twitter:data1\" content=\"1 Minute\" \/>\n<script type=\"application\/ld+json\" class=\"yoast-schema-graph\">{\"@context\":\"https:\/\/schema.org\",\"@graph\":[{\"@type\":\"WebPage\",\"@id\":\"https:\/\/www.bibbs.at\/?page_id=282\",\"url\":\"https:\/\/www.bibbs.at\/?page_id=282\",\"name\":\"Koordinationsstelle - bibbs.at\",\"isPartOf\":{\"@id\":\"https:\/\/www.bibbs.at\/#website\"},\"primaryImageOfPage\":{\"@id\":\"https:\/\/www.bibbs.at\/?page_id=282#primaryimage\"},\"image\":{\"@id\":\"https:\/\/www.bibbs.at\/?page_id=282#primaryimage\"},\"thumbnailUrl\":\"https:\/\/neu.bibbs.at\/wp-content\/uploads\/2021\/03\/Koordination2-277x300.png\",\"datePublished\":\"2020-12-04T09:46:40+00:00\",\"dateModified\":\"2021-04-23T09:31:48+00:00\",\"description\":\"Entdecken Sie Bildung und B\u00fccher auf\u00a0bibbs.at! Finden Sie Informationen zu Schulbibliotheken, Veranstaltungen und Kursen in Ihrer N\u00e4he.\",\"breadcrumb\":{\"@id\":\"https:\/\/www.bibbs.at\/?page_id=282#breadcrumb\"},\"inLanguage\":\"de-AT\",\"potentialAction\":[{\"@type\":\"ReadAction\",\"target\":[\"https:\/\/www.bibbs.at\/?page_id=282\"]}]},{\"@type\":\"ImageObject\",\"inLanguage\":\"de-AT\",\"@id\":\"https:\/\/www.bibbs.at\/?page_id=282#primaryimage\",\"url\":\"https:\/\/neu.bibbs.at\/wp-content\/uploads\/2021\/03\/Koordination2-277x300.png\",\"contentUrl\":\"https:\/\/neu.bibbs.at\/wp-content\/uploads\/2021\/03\/Koordination2-277x300.png\"},{\"@type\":\"BreadcrumbList\",\"@id\":\"https:\/\/www.bibbs.at\/?page_id=282#breadcrumb\",\"itemListElement\":[{\"@type\":\"ListItem\",\"position\":1,\"name\":\"Home\",\"item\":\"https:\/\/www.bibbs.at\/\"},{\"@type\":\"ListItem\",\"position\":2,\"name\":\"Koordinationsstelle\"}]},{\"@type\":\"WebSite\",\"@id\":\"https:\/\/www.bibbs.at\/#website\",\"url\":\"https:\/\/www.bibbs.at\/\",\"name\":\"bibbs.at\",\"description\":\"BiBBS \u2013 Bibliothekarinnen an berufsbildenden Schulen\",\"publisher\":{\"@id\":\"https:\/\/www.bibbs.at\/#organization\"},\"potentialAction\":[{\"@type\":\"SearchAction\",\"target\":{\"@type\":\"EntryPoint\",\"urlTemplate\":\"https:\/\/www.bibbs.at\/?s={search_term_string}\"},\"query-input\":{\"@type\":\"PropertyValueSpecification\",\"valueRequired\":true,\"valueName\":\"search_term_string\"}}],\"inLanguage\":\"de-AT\"},{\"@type\":\"Organization\",\"@id\":\"https:\/\/www.bibbs.at\/#organization\",\"name\":\"bibbs.at\",\"url\":\"https:\/\/www.bibbs.at\/\",\"logo\":{\"@type\":\"ImageObject\",\"inLanguage\":\"de-AT\",\"@id\":\"https:\/\/www.bibbs.at\/#\/schema\/logo\/image\/\",\"url\":\"https:\/\/www.bibbs.at\/wp-content\/uploads\/2020\/10\/image2.png\",\"contentUrl\":\"https:\/\/www.bibbs.at\/wp-content\/uploads\/2020\/10\/image2.png\",\"width\":472,\"height\":162,\"caption\":\"bibbs.at\"},\"image\":{\"@id\":\"https:\/\/www.bibbs.at\/#\/schema\/logo\/image\/\"}}]}<\/script>\n<!-- \/ Yoast SEO plugin. -->","yoast_head_json":{"title":"Koordinationsstelle - bibbs.at","description":"Entdecken Sie Bildung und B\u00fccher auf\u00a0bibbs.at! Finden Sie Informationen zu Schulbibliotheken, Veranstaltungen und Kursen in Ihrer N\u00e4he.","robots":{"index":"index","follow":"follow","max-snippet":"max-snippet:-1","max-image-preview":"max-image-preview:large","max-video-preview":"max-video-preview:-1"},"canonical":"https:\/\/www.bibbs.at\/?page_id=282","og_locale":"de_DE","og_type":"article","og_title":"Koordinationsstelle - bibbs.at","og_description":"Entdecken Sie Bildung und B\u00fccher auf\u00a0bibbs.at! Finden Sie Informationen zu Schulbibliotheken, Veranstaltungen und Kursen in Ihrer N\u00e4he.","og_url":"https:\/\/www.bibbs.at\/?page_id=282","og_site_name":"bibbs.at","article_modified_time":"2021-04-23T09:31:48+00:00","og_image":[{"url":"https:\/\/neu.bibbs.at\/wp-content\/uploads\/2021\/03\/Koordination2-277x300.png","type":"","width":"","height":""}],"twitter_card":"summary_large_image","twitter_misc":{"Gesch\u00e4tzte Lesezeit":"1 Minute"},"schema":{"@context":"https:\/\/schema.org","@graph":[{"@type":"WebPage","@id":"https:\/\/www.bibbs.at\/?page_id=282","url":"https:\/\/www.bibbs.at\/?page_id=282","name":"Koordinationsstelle - bibbs.at","isPartOf":{"@id":"https:\/\/www.bibbs.at\/#website"},"primaryImageOfPage":{"@id":"https:\/\/www.bibbs.at\/?page_id=282#primaryimage"},"image":{"@id":"https:\/\/www.bibbs.at\/?page_id=282#primaryimage"},"thumbnailUrl":"https:\/\/neu.bibbs.at\/wp-content\/uploads\/2021\/03\/Koordination2-277x300.png","datePublished":"2020-12-04T09:46:40+00:00","dateModified":"2021-04-23T09:31:48+00:00","description":"Entdecken Sie Bildung und B\u00fccher auf\u00a0bibbs.at! Finden Sie Informationen zu Schulbibliotheken, Veranstaltungen und Kursen in Ihrer N\u00e4he.","breadcrumb":{"@id":"https:\/\/www.bibbs.at\/?page_id=282#breadcrumb"},"inLanguage":"de-AT","potentialAction":[{"@type":"ReadAction","target":["https:\/\/www.bibbs.at\/?page_id=282"]}]},{"@type":"ImageObject","inLanguage":"de-AT","@id":"https:\/\/www.bibbs.at\/?page_id=282#primaryimage","url":"https:\/\/neu.bibbs.at\/wp-content\/uploads\/2021\/03\/Koordination2-277x300.png","contentUrl":"https:\/\/neu.bibbs.at\/wp-content\/uploads\/2021\/03\/Koordination2-277x300.png"},{"@type":"BreadcrumbList","@id":"https:\/\/www.bibbs.at\/?page_id=282#breadcrumb","itemListElement":[{"@type":"ListItem","position":1,"name":"Home","item":"https:\/\/www.bibbs.at\/"},{"@type":"ListItem","position":2,"name":"Koordinationsstelle"}]},{"@type":"WebSite","@id":"https:\/\/www.bibbs.at\/#website","url":"https:\/\/www.bibbs.at\/","name":"bibbs.at","description":"BiBBS \u2013 Bibliothekarinnen an berufsbildenden Schulen","publisher":{"@id":"https:\/\/www.bibbs.at\/#organization"},"potentialAction":[{"@type":"SearchAction","target":{"@type":"EntryPoint","urlTemplate":"https:\/\/www.bibbs.at\/?s={search_term_string}"},"query-input":{"@type":"PropertyValueSpecification","valueRequired":true,"valueName":"search_term_string"}}],"inLanguage":"de-AT"},{"@type":"Organization","@id":"https:\/\/www.bibbs.at\/#organization","name":"bibbs.at","url":"https:\/\/www.bibbs.at\/","logo":{"@type":"ImageObject","inLanguage":"de-AT","@id":"https:\/\/www.bibbs.at\/#\/schema\/logo\/image\/","url":"https:\/\/www.bibbs.at\/wp-content\/uploads\/2020\/10\/image2.png","contentUrl":"https:\/\/www.bibbs.at\/wp-content\/uploads\/2020\/10\/image2.png","width":472,"height":162,"caption":"bibbs.at"},"image":{"@id":"https:\/\/www.bibbs.at\/#\/schema\/logo\/image\/"}}]}},"_links":{"self":[{"href":"https:\/\/www.bibbs.at\/index.php?rest_route=\/wp\/v2\/pages\/282","targetHints":{"allow":["GET"]}}],"collection":[{"href":"https:\/\/www.bibbs.at\/index.php?rest_route=\/wp\/v2\/pages"}],"about":[{"href":"https:\/\/www.bibbs.at\/index.php?rest_route=\/wp\/v2\/types\/page"}],"author":[{"embeddable":true,"href":"https:\/\/www.bibbs.at\/index.php?rest_route=\/wp\/v2\/users\/1"}],"replies":[{"embeddable":true,"href":"https:\/\/www.bibbs.at\/index.php?rest_route=%2Fwp%2Fv2%2Fcomments&post=282"}],"version-history":[{"count":44,"href":"https:\/\/www.bibbs.at\/index.php?rest_route=\/wp\/v2\/pages\/282\/revisions"}],"predecessor-version":[{"id":3136,"href":"https:\/\/www.bibbs.at\/index.php?rest_route=\/wp\/v2\/pages\/282\/revisions\/3136"}],"wp:attachment":[{"href":"https:\/\/www.bibbs.at\/index.php?rest_route=%2Fwp%2Fv2%2Fmedia&parent=282"}],"curies":[{"name":"wp","href":"https:\/\/api.w.org\/{rel}","templated":true}]}}